z) = -z**3 - 5*z**2 - 5*z - 24. Let k be a(-5). Calculate u(k).
17
Let j(m) = m**3 - 12*m**2 + 14*m - 6. Let d = 773 - 762. Give j(d).
27
Suppose 12*k + 2*k + 126 = 0. Let m(f) = f**2 + 9*f - 9. Give m(k).
-9
Let l(x) = -2*x**3 - 94*x**2 - x + 5. Let p(y) = 2*y**3 + 114*y**2 + y - 6. Let w(g) = 6*l(g) + 5*p(g). Give w(4).
-36
Let l(a) be the first derivative of -a**4/4 + 2*a**3 + 8*a - 168. Calculate l(6).
8
Suppose b + 3 = 2*b. Let q(z) = 11*z - 1. Let u be ((40/(-12))/(-5))/((-2)/(-12)). Let r(t) = -9*t + 1. Let v(s) = u*r(s) + 3*q(s). Calculate v(b).
-8
Let n = -559 + 562. Let j(t) be the second derivative of -1/6*t**3 - 1/2*t**2 - n*t + 5/6*t**4 + 0. What is j(-1)?
10
Let f = -12 - -35. Suppose -y = -4*l + f, 0 = -2*l + y + 17 - 4. Let k(a) = -3*a + 4. Let i(n) = 10*n - 12. Let u(d) = -2*i(d) - 7*k(d). Give u(l).
1
Suppose -10 = 3*j + 4*c, 2*c = j + 4*c + 6. Let i(f) = 0*f**j - f**2 + 2*f**2 + 9*f + 2 - 2*f. Suppose 18 + 6 = -4*r. Determine i(r).
-4
Let l = 1 - 1. Let m(z) = 3*z + 17. Let t be m(-5). Let s(a) = a**2 - a - 8*a**t + 5*a**2 + a**2 + 3. Give s(l).
3
Let h(c) = -3*c + 18. Let x(k) be the third derivative of 0*k - 1/12*k**4 + 0 + 8*k**2 + 2*k**3. Let l(w) = 5*h(w) - 8*x(w). Calculate l(7).
1
Let r(l) be the third derivative of -l**6/120 - 13*l**3/6 - 14*l**2 + 2. Suppose p - 6*p - 2*n = -36, -3*p + 30 = 4*n. Let s = -6 + p. What is r(s)?
-13
Let g(r) = 13 - 6*r**2 - 11 - 3. Determine g(-1).
-7
Let g(p) be the third derivative of -p**6/360 - 7*p**5/120 - 5*p**4/24 - 7*p**3/6 + 15*p**2. Let v(z) be the first derivative of g(z). Give v(-7).
-5
Let n(c) = c**3 - 2*c**2 + c - 4. Suppose 2*h - 3*l - 12 = 0, 18*h + l + 17 = 23*h. Determine n(h).
8
Let u(a) = 3*a + 4 + 2 + 2. Determine u(-7).
-13
Suppose 7*f - 15*f + 24 = 0. Suppose f*l = -2*w - 27, -w + l = -4*l - 19. Let r(u) = -u**3 - 6*u**2 - u + 6. Give r(w).
12
Let n(j) = -5647*j**2 + 2 - 4*j - j + 5648*j**2. Suppose -2*q + 24 = 4*c, -2*q - 5*c + 12 = -4*q. Give n(q).
-2
Let q(d) = 23*d + 35. Let z(o) = 15*o + 22. Let r(g) = 5*q(g) - 8*z(g). Determine r(-3).
14
Let r(z) be the third derivative of z**5/15 + z**4/24 - 25*z**2. Let g be -2 - -4 - (0 - -3). Calculate r(g).
3
Let n be (-3)/(-5)*(-45)/(-3). Let o = 13 - n. Let k(y) = -o*y**2 - 7*y**3 + y**3 - 2 + 5*y**3. Give k(-4).
-2
Let w(g) = -g**3 - 6*g**2 - g - 8. Let o be (3 + -1)*1*4. Let d = -27 + 13. Let r = d + o. Calculate w(r).
-2
Let g(f) = -f**3 - 6*f**2 + 11*f + 5. Let h = 101 - 109. Give g(h).
45
Let x(j) = 3*j + 2. Let z be x(-4). Let a be ((-54)/(-45))/((-3)/z). Let f(p) = -2*p**2 - 5*p + 0*p - p**3 + 1 + 7*p**2. Give f(a).
-3
Let u(k) = k**3 + 5*k**2 - 8*k - 6. Let m(b) = b**2 - 20*b + 58. Let a be m(16). Determine u(a).
6
Let h(b) be the first derivative of -b**3/3 + 11*b**2/2 - 4*b + 497. Calculate h(7).
24
Let f(y) = 4*y - 2. Suppose 3*w - 4*o = 15, -7*w + 4*o - 15 = -10*w. Give f(w).
18
Let w(t) = -t + 4. Let p = -48 + 84. Suppose -3 = d - 2*a, 4*d + 5*a - a - p = 0. Calculate w(d).
-1
Let f = -50 + 25. Let p = -22 - f. Suppose -p*n = -t - 1, 3*t - n - n = -10. Let j(y) = y**3 + 3*y**2 - 6*y - 6. Calculate j(t).
2
Let i = 3 + -1. Let b(z) = -2*z - 36. Let x be b(-19). Let m(j) = -j + j**i + 7*j - x*j - 2. Calculate m(-4).
-2
Suppose 0 = 3*s - 0*s - 6. Let q(l) = l**3 - 12*l**2 - 3*l + 38. Let j be q(12). Let g(z) = -7*z**2 - 12*z**j + 20*z**s - 3 - 2*z. Calculate g(3).
0
Let z(p) be the third derivative of -31*p**6/120 - p**5/60 + p**4/12 - p**3/6 - 15*p**2. Calculate z(1).
-31
Let r(l) = 7*l - 1 - l**2 + 2 + l**2 - l**3 - 4*l**2. Suppose -19*v + 18*v = 5. Determine r(v).
-9
Suppose 220*p = -161*p - 381. Let l(n) = -n**2 + 5*n. Let r be l(5). Let u(w) = -4*w + r*w + w. Give u(p).
3
Let u be 6*(-1 + 1 - -1). Suppose 0 = 49*o - 52*o + 12. Let c(d) = 6 + 2 + 2*d - o*d - 3. Determine c(u).
-7
Suppose -51*d - 36 = -33*d. Let u(z) = -z**3 - 5*z**2 - 10*z - 3. What is u(d)?
5
Let i be 5 + 5 + -7 + -5 + 18. Let b(x) = x - 18. Give b(i).
-2
Let r(i) = -2*i**2 + 1. Let w be (1 + 0)/(3/(-27)). Suppose f + 33 = 4*f. Let x = w + f. What is r(x)?
-7
Let x(i) = 10*i - 4*i + 21*i**3 + 3 - 11*i**3 - 11*i**3. Let p(t) = -t**3 - t - 1. Let v(c) = 4*p(c) + x(c). Let h be 0*1/3 + 1. Determine v(h).
-4
Let v(u) = 6*u - 1. Let s(w) be the first derivative of -w**2 - 14*w - 33. Let y be s(-9). Determine v(y).
23
Let k(n) = -14*n + 14. Let i(j) = 5*j - 5. Let x(y) = 17*i(y) + 6*k(y). Let m be (-2*(-36)/(-30))/(3/(-10)). Give x(m).
7
Let n(b) = -3*b - 12. Let k be n(-5). Let h(t) = -k*t - 3*t - 10*t**3 + 5*t. Suppose 4*l = -0*l - 4. What is h(l)?
11
Let b(m) = 4 + 5 - 11 + 8*m + 3 + m**2. Let i = 8 - 3. Let u be (-16)/4 - (-1 + i). Give b(u).
1
Suppose -9 = -7*a + 12. Let o(x) = 2 - 9*x**a + 4*x - 2*x + x**3 - 3. What is o(1)?
-7
Suppose -1 - 23 = 2*q. Let i = 19 + q. Let x(f) = -7*f + 3. Let z(b) = 4*b - 2. Let t(p) = -3*x(p) - 5*z(p). Calculate t(i).
8
Let d(y) = 6*y + 20. Suppose -3*u = -b + 22, 21*u - 18*u = -5*b + 2. Give d(u).
-16
Let l be (-10)/(2/(-3) + 153/270). Let u be 25/l + 1/(8/14). Let f(s) = 2*s - 2. What is f(u)?
2
Let z(m) = 6*m - 25. Let o = 1074 + -1068. Determine z(o).
11
Let k(u) = 5*u - 2*u**2 - 2 + 0 + u**2. Let h be k(4). Suppose -w + 18 = -y + 2*w, h*y - 2*w = -20. Let i(v) = -v**3 - 6*v**2 - v - 8. Calculate i(y).
-2
Let x(z) = -5 + 3*z + 5*z**2 - 7*z**2 + 3*z**2. Suppose -18 = 4*t - b - 0*b, -2*t = -3*b + 4. Determine x(t).
5
Let b = -50 - -43. Let g(y) = -2*y**3 - 14*y**2 + 6. Let q be g(b). Let x(u) = u**3 - 5*u**2 - 5*u - 8. Calculate x(q).
-2
Let z(q) be the second derivative of q**5/20 + 5*q**4/4 - 5*q**3/2 - 8*q**2 - 163*q - 2. What is z(-16)?
-32
Let x(i) = i + 6. Let g be x(-6). Let y(h) = -h + 2 + 2*h + g. Let c(p) = -5*p**2 + 36*p - 68. Let u be c(3). Determine y(u).
-3
Let l(q) = 0*q**2 - q**2 + 2 + 9*q + 0 + 2*q**2. Let u be l(-9). Let j(m) = -5*m**2 - 6*m + 9. Let a(g) = g**2 + g - 2. Let z(k) = u*j(k) + 11*a(k). Give z(4).
8
Let b(z) = 15*z - 6. Let m = 116 + -114. Determine b(m).
24
Let n(p) = 5*p - 12. Let c be n(2). Let o(q) = 4*q**2 + 4 + q + q**3 + 0*q**2 - 2. Give o(c).
8
Suppose -9*g + 0*g = -18. Let a(r) be the third derivative of 0 - 2*r**2 + 0*r + 1/60*r**5 - 1/6*r**3 + 0*r**4. What is a(g)?
3
Let v(j) = 2*j - 5. Let o(y) = y**3 + 3*y**2 - 31*y - 28. Let t be o(-7). What is v(t)?
-19
Let v(y) = y**2 + y + 1. Suppose 5*x - x - 15 = n, -3*x + 14 = 2*n. Suppose 4 = -4*u - f, -5*u + f + x = -u. Calculate v(u).
1
Let u(a) = -6*a + 2*a - 3*a - 5*a**2 + 1 + 34*a**2 + 8*a. Calculate u(-1).
29
Suppose 0 = v - 5*v + 20. Let c(y) = y**2 + 58*y. Let m(x) = -5*x**2 - 352*x - 3. Let s(o) = -6*c(o) - m(o). Determine s(v).
-2
Let m(n) = n**3 + n**2 - 37*n - 72. Let v be m(-2). Let t(h) = -10*h**2 - 4. Determine t(v).
-44
Let b be (-2 + 0)/((-24)/(-1836)). Let r = b + 150. Let k(n) = -4*n - 1. What is k(r)?
11
Let i(x) = 7*x**2 + x**3 - x - 2 - 5*x**2 - 10 + 4*x**2 - 5*x**2. What is i(0)?
-12
Let w(r) = r**3 - r + 6. Let x be (-1 - -4) + -4 + -4 + 5. Calculate w(x).
6
Suppose -2*r = -0*r - 4. Let u(h) = 4*h**2 + 7 - 2*h - r*h**3 + 4*h + 3*h + h**3. Suppose d - 6*d + 25 = 0. Determine u(d).
7
Let o(w) be the third derivative of w**7/168 - w**4/24 + 5*w**3/3 + 3*w**2. Let i(f) be the first derivative of o(f). What is i(-1)?
-6
Let n(j) = -2*j + 3. Suppose -x - 200 = -6*x - 4*d, 5*d - 97 = -2*x. Let u(i) = i**2 - 3*i + 1. Let t be u(-5). Let f = t - x. What is n(f)?
-7
Suppose -2*s = -4*l + 18, -22 = -3*l - s - 11. Let y(z) = 4*z - 4. What is y(l)?
12
Let a(j) = 6*j + 17. Let r be a(6). Let s(u) = -19 + 5*u - 15 + r - 20. Determine s(-1).
-6
Let d(q) = -q**3 - 8*q**2 + 5*q + 107. Let x be d(-6). Let c(a) = a**3 - a**2 - 19*a - 1. Determine c(x).
4
Let f(w) = 3*w + 9. Let x = 15 + -11. Suppose 0 = -4*y + 5*s + x - 27, 5 = -5*s. Determine f(y).
-12
Let s be (1 + 0)*(3 + -5). Let v be (10 + 2)*(-2)/(-4). Let t(n) = 1 + n**2 - v*n - 4*n + 10*n. Determine t(s).
5
Let u = -55 + 64. Let y(w) = -w**2 + 9*w + 9. Determine y(u).
9
Let t(z) = -z**2 + 7*z - 6. Let v = -172 - -176. Give t(v).
6
Suppose 2*z - 3*c = 94 - 91, -11 = -5*z + 4*c. Let r(q) = -q**3 + 2*q**2 - 4*q. What is r(z)?
-21
Let a be ((-4)/(-2))/(2/14). Let t = -4 + a. Let m(v) = v**3 - 10*v**2 - v + 10. What is m(t)?
0
Let l be 56/16*(-6)/3. Let u(